{"id":26588,"date":"2022-06-24T14:52:45","date_gmt":"2022-06-24T12:52:45","guid":{"rendered":"http:\/\/www.hapy-com.fr\/echoppe\/product\/ouvre-bouteille-gadux-4\/"},"modified":"2022-06-24T14:52:45","modified_gmt":"2022-06-24T12:52:45","slug":"ouvre-bouteille-gadux-4","status":"publish","type":"product","link":"https:\/\/www.hapy-com.fr\/echoppe\/product\/ouvre-bouteille-gadux-4\/","title":{"rendered":"Ouvre Bouteille Gadux"},"content":{"rendered":"<p>Ouvre-bouteille en aluminium propos\u00e9 dans une large gamme de couleurs lumineuses. Avec manche perfor\u00e9 pour lanyard-non inclus-. Sp\u00e9cialement con\u00e7u pour le marquage laser.<\/p>\n","protected":false},"excerpt":{"rendered":"<p>Ouvre-bouteille en aluminium propos\u00e9 dans une large gamme de couleurs lumineuses. Avec manche perfor\u00e9 pour lanyard-non inclus-. Sp\u00e9cialement con\u00e7u pour le marquage laser.<\/p>\n","protected":false},"featured_media":26587,"template":"","meta":[],"product_cat":[345],"product_tag":[],"class_list":{"0":"post-26588","1":"product","2":"type-product","3":"status-publish","4":"has-post-thumbnail","6":"product_cat-accessoires","8":"first","9":"instock","10":"shipping-taxable","11":"purchasable","12":"product-type-simple"},"_links":{"self":[{"href":"https:\/\/www.hapy-com.fr\/echoppe\/wp-json\/wp\/v2\/product\/26588","targetHints":{"allow":["GET"]}}],"collection":[{"href":"https:\/\/www.hapy-com.fr\/echoppe\/wp-json\/wp\/v2\/product"}],"about":[{"href":"https:\/\/www.hapy-com.fr\/echoppe\/wp-json\/wp\/v2\/types\/product"}],"wp:featuredmedia":[{"embeddable":true,"href":"https:\/\/www.hapy-com.fr\/echoppe\/wp-json\/wp\/v2\/media\/26587"}],"wp:attachment":[{"href":"https:\/\/www.hapy-com.fr\/echoppe\/wp-json\/wp\/v2\/media?parent=26588"}],"wp:term":[{"taxonomy":"product_cat","embeddable":true,"href":"https:\/\/www.hapy-com.fr\/echoppe\/wp-json\/wp\/v2\/product_cat?post=26588"},{"taxonomy":"product_tag","embeddable":true,"href":"https:\/\/www.hapy-com.fr\/echoppe\/wp-json\/wp\/v2\/product_tag?post=26588"}],"curies":[{"name":"wp","href":"https:\/\/api.w.org\/{rel}","templated":true}]}}