{"id":26620,"date":"2022-06-24T14:53:05","date_gmt":"2022-06-24T12:53:05","guid":{"rendered":"http:\/\/www.hapy-com.fr\/echoppe\/product\/bec-pompe-a-vide-kabalt\/"},"modified":"2022-06-24T14:53:05","modified_gmt":"2022-06-24T12:53:05","slug":"bec-pompe-a-vide-kabalt","status":"publish","type":"product","link":"https:\/\/www.hapy-com.fr\/echoppe\/product\/bec-pompe-a-vide-kabalt\/","title":{"rendered":"Bec Pompe \u00e0 Vide Kabalt"},"content":{"rendered":"<p>Bouchon de bouteille de vin noir avec Air Pompe transparente. Plaque m\u00e9tal ronde sur le dessus pour r\u00e9aliser un marquage laser ou une tampographie. Zone m\u00e9tallique de \u00d8 2 cm sur le dessus avec film protecteur. Pr\u00e9sentation individuelle.<\/p>\n","protected":false},"excerpt":{"rendered":"<p>Bouchon de bouteille de vin noir avec Air Pompe transparente. Plaque m\u00e9tal ronde sur le dessus pour r\u00e9aliser un marquage laser ou une tampographie. Zone m\u00e9tallique de \u00d8 2 cm&#8230;<\/p>\n","protected":false},"featured_media":10294,"template":"","meta":[],"product_cat":[345],"product_tag":[],"class_list":{"0":"post-26620","1":"product","2":"type-product","3":"status-publish","4":"has-post-thumbnail","6":"product_cat-accessoires","8":"first","9":"instock","10":"shipping-taxable","11":"purchasable","12":"product-type-simple"},"_links":{"self":[{"href":"https:\/\/www.hapy-com.fr\/echoppe\/wp-json\/wp\/v2\/product\/26620","targetHints":{"allow":["GET"]}}],"collection":[{"href":"https:\/\/www.hapy-com.fr\/echoppe\/wp-json\/wp\/v2\/product"}],"about":[{"href":"https:\/\/www.hapy-com.fr\/echoppe\/wp-json\/wp\/v2\/types\/product"}],"wp:featuredmedia":[{"embeddable":true,"href":"https:\/\/www.hapy-com.fr\/echoppe\/wp-json\/wp\/v2\/media\/10294"}],"wp:attachment":[{"href":"https:\/\/www.hapy-com.fr\/echoppe\/wp-json\/wp\/v2\/media?parent=26620"}],"wp:term":[{"taxonomy":"product_cat","embeddable":true,"href":"https:\/\/www.hapy-com.fr\/echoppe\/wp-json\/wp\/v2\/product_cat?post=26620"},{"taxonomy":"product_tag","embeddable":true,"href":"https:\/\/www.hapy-com.fr\/echoppe\/wp-json\/wp\/v2\/product_tag?post=26620"}],"curies":[{"name":"wp","href":"https:\/\/api.w.org\/{rel}","templated":true}]}}