{"id":26675,"date":"2022-06-24T14:53:44","date_gmt":"2022-06-24T12:53:44","guid":{"rendered":"http:\/\/www.hapy-com.fr\/echoppe\/product\/peigne-wofel-2\/"},"modified":"2022-06-24T14:53:44","modified_gmt":"2022-06-24T12:53:44","slug":"peigne-wofel-2","status":"publish","type":"product","link":"https:\/\/www.hapy-com.fr\/echoppe\/product\/peigne-wofel-2\/","title":{"rendered":"Peigne Wofel"},"content":{"rendered":"<p>Peigne Gamme \u00e9co-friendly en paille de bl\u00e9, afin de favoriser l\u00b4utilisation de mati\u00e8res premi\u00e8res naturelles et de r\u00e9duire les \u00e9missions polluantes. Avec une large surface de marquage au niveau de la poign\u00e9e.<\/p>\n","protected":false},"excerpt":{"rendered":"<p>Peigne Gamme \u00e9co-friendly en paille de bl\u00e9, afin de favoriser l\u00b4utilisation de mati\u00e8res premi\u00e8res naturelles et de r\u00e9duire les \u00e9missions polluantes. Avec une large surface de marquage au niveau de&#8230;<\/p>\n","protected":false},"featured_media":10336,"template":"","meta":[],"product_cat":[345],"product_tag":[],"class_list":{"0":"post-26675","1":"product","2":"type-product","3":"status-publish","4":"has-post-thumbnail","6":"product_cat-accessoires","8":"first","9":"instock","10":"shipping-taxable","11":"purchasable","12":"product-type-simple"},"_links":{"self":[{"href":"https:\/\/www.hapy-com.fr\/echoppe\/wp-json\/wp\/v2\/product\/26675","targetHints":{"allow":["GET"]}}],"collection":[{"href":"https:\/\/www.hapy-com.fr\/echoppe\/wp-json\/wp\/v2\/product"}],"about":[{"href":"https:\/\/www.hapy-com.fr\/echoppe\/wp-json\/wp\/v2\/types\/product"}],"wp:featuredmedia":[{"embeddable":true,"href":"https:\/\/www.hapy-com.fr\/echoppe\/wp-json\/wp\/v2\/media\/10336"}],"wp:attachment":[{"href":"https:\/\/www.hapy-com.fr\/echoppe\/wp-json\/wp\/v2\/media?parent=26675"}],"wp:term":[{"taxonomy":"product_cat","embeddable":true,"href":"https:\/\/www.hapy-com.fr\/echoppe\/wp-json\/wp\/v2\/product_cat?post=26675"},{"taxonomy":"product_tag","embeddable":true,"href":"https:\/\/www.hapy-com.fr\/echoppe\/wp-json\/wp\/v2\/product_tag?post=26675"}],"curies":[{"name":"wp","href":"https:\/\/api.w.org\/{rel}","templated":true}]}}