{"id":26701,"date":"2022-06-24T14:53:53","date_gmt":"2022-06-24T12:53:53","guid":{"rendered":"http:\/\/www.hapy-com.fr\/echoppe\/product\/set-vin-chess-2\/"},"modified":"2022-06-24T14:53:53","modified_gmt":"2022-06-24T12:53:53","slug":"set-vin-chess-2","status":"publish","type":"product","link":"https:\/\/www.hapy-com.fr\/echoppe\/product\/set-vin-chess-2\/","title":{"rendered":"Set Vin Chess"},"content":{"rendered":"<p>Coffret \u00e0 vin original avec jeu d\u00b4\u00e9checs &#8211; pi\u00e8ces incluses &#8211; en bois naturel. Fermeture de s\u00e9curit\u00e9 et accessoires en acier inoxydable et bois. Comprend un tire-bouchon avec coupe-capsule, un bouchon, un anneau anti-gouttes et un thermom\u00e8tre. Pr\u00e9sent\u00e9 dans un \u00e9tui individuel avec un int\u00e9rieur en mousse souple.<\/p>\n","protected":false},"excerpt":{"rendered":"<p>Coffret \u00e0 vin original avec jeu d\u00b4\u00e9checs &#8211; pi\u00e8ces incluses &#8211; en bois naturel. Fermeture de s\u00e9curit\u00e9 et accessoires en acier inoxydable et bois. Comprend un tire-bouchon avec coupe-capsule, un&#8230;<\/p>\n","protected":false},"featured_media":10375,"template":"","meta":[],"product_cat":[345],"product_tag":[],"class_list":{"0":"post-26701","1":"product","2":"type-product","3":"status-publish","4":"has-post-thumbnail","6":"product_cat-accessoires","8":"first","9":"instock","10":"shipping-taxable","11":"purchasable","12":"product-type-simple"},"_links":{"self":[{"href":"https:\/\/www.hapy-com.fr\/echoppe\/wp-json\/wp\/v2\/product\/26701","targetHints":{"allow":["GET"]}}],"collection":[{"href":"https:\/\/www.hapy-com.fr\/echoppe\/wp-json\/wp\/v2\/product"}],"about":[{"href":"https:\/\/www.hapy-com.fr\/echoppe\/wp-json\/wp\/v2\/types\/product"}],"wp:featuredmedia":[{"embeddable":true,"href":"https:\/\/www.hapy-com.fr\/echoppe\/wp-json\/wp\/v2\/media\/10375"}],"wp:attachment":[{"href":"https:\/\/www.hapy-com.fr\/echoppe\/wp-json\/wp\/v2\/media?parent=26701"}],"wp:term":[{"taxonomy":"product_cat","embeddable":true,"href":"https:\/\/www.hapy-com.fr\/echoppe\/wp-json\/wp\/v2\/product_cat?post=26701"},{"taxonomy":"product_tag","embeddable":true,"href":"https:\/\/www.hapy-com.fr\/echoppe\/wp-json\/wp\/v2\/product_tag?post=26701"}],"curies":[{"name":"wp","href":"https:\/\/api.w.org\/{rel}","templated":true}]}}