{"id":26750,"date":"2022-06-24T14:54:23","date_gmt":"2022-06-24T12:54:23","guid":{"rendered":"http:\/\/www.hapy-com.fr\/echoppe\/product\/verre-ginbert-2\/"},"modified":"2022-06-24T14:54:23","modified_gmt":"2022-06-24T12:54:23","slug":"verre-ginbert-2","status":"publish","type":"product","link":"https:\/\/www.hapy-com.fr\/echoppe\/product\/verre-ginbert-2\/","title":{"rendered":"Verre Ginbert"},"content":{"rendered":"<p>Verre de 450ml r\u00e9sistant et r\u00e9utilisable. Mati\u00e8re PP souple. Finition en diff\u00e9rentes couleurs translucides.<\/p>\n","protected":false},"excerpt":{"rendered":"<p>Verre de 450ml r\u00e9sistant et r\u00e9utilisable. Mati\u00e8re PP souple. Finition en diff\u00e9rentes couleurs translucides.<\/p>\n","protected":false},"featured_media":10489,"template":"","meta":[],"product_cat":[346],"product_tag":[],"class_list":{"0":"post-26750","1":"product","2":"type-product","3":"status-publish","4":"has-post-thumbnail","6":"product_cat-mugs","8":"first","9":"instock","10":"shipping-taxable","11":"purchasable","12":"product-type-simple"},"_links":{"self":[{"href":"https:\/\/www.hapy-com.fr\/echoppe\/wp-json\/wp\/v2\/product\/26750","targetHints":{"allow":["GET"]}}],"collection":[{"href":"https:\/\/www.hapy-com.fr\/echoppe\/wp-json\/wp\/v2\/product"}],"about":[{"href":"https:\/\/www.hapy-com.fr\/echoppe\/wp-json\/wp\/v2\/types\/product"}],"wp:featuredmedia":[{"embeddable":true,"href":"https:\/\/www.hapy-com.fr\/echoppe\/wp-json\/wp\/v2\/media\/10489"}],"wp:attachment":[{"href":"https:\/\/www.hapy-com.fr\/echoppe\/wp-json\/wp\/v2\/media?parent=26750"}],"wp:term":[{"taxonomy":"product_cat","embeddable":true,"href":"https:\/\/www.hapy-com.fr\/echoppe\/wp-json\/wp\/v2\/product_cat?post=26750"},{"taxonomy":"product_tag","embeddable":true,"href":"https:\/\/www.hapy-com.fr\/echoppe\/wp-json\/wp\/v2\/product_tag?post=26750"}],"curies":[{"name":"wp","href":"https:\/\/api.w.org\/{rel}","templated":true}]}}