{"id":26783,"date":"2022-06-24T14:54:44","date_gmt":"2022-06-24T12:54:44","guid":{"rendered":"http:\/\/www.hapy-com.fr\/echoppe\/product\/glaciere-bouteille-fresher\/"},"modified":"2022-06-24T14:54:44","modified_gmt":"2022-06-24T12:54:44","slug":"glaciere-bouteille-fresher","status":"publish","type":"product","link":"https:\/\/www.hapy-com.fr\/echoppe\/product\/glaciere-bouteille-fresher\/","title":{"rendered":"Glaci\u00e8re Bouteille Fresher"},"content":{"rendered":"<p>Sac isotherme bouteille Fresher pour bouteille jusqu\u00b4\u00e0 1.5 litres avec bandouli\u00e8re r\u00e9glable et confortable. Polyester r\u00e9sistant en 600D. Couleurs vives. Avec cordon de serrage. Int\u00e9rieur isotherme, finition PVC.<\/p>\n","protected":false},"excerpt":{"rendered":"<p>Sac isotherme bouteille Fresher pour bouteille jusqu\u00b4\u00e0 1.5 litres avec bandouli\u00e8re r\u00e9glable et confortable. Polyester r\u00e9sistant en 600D. Couleurs vives. Avec cordon de serrage. Int\u00e9rieur isotherme, finition PVC.<\/p>\n","protected":false},"featured_media":10532,"template":"","meta":[],"product_cat":[346],"product_tag":[],"class_list":{"0":"post-26783","1":"product","2":"type-product","3":"status-publish","4":"has-post-thumbnail","6":"product_cat-mugs","8":"first","9":"instock","10":"shipping-taxable","11":"purchasable","12":"product-type-simple"},"_links":{"self":[{"href":"https:\/\/www.hapy-com.fr\/echoppe\/wp-json\/wp\/v2\/product\/26783","targetHints":{"allow":["GET"]}}],"collection":[{"href":"https:\/\/www.hapy-com.fr\/echoppe\/wp-json\/wp\/v2\/product"}],"about":[{"href":"https:\/\/www.hapy-com.fr\/echoppe\/wp-json\/wp\/v2\/types\/product"}],"wp:featuredmedia":[{"embeddable":true,"href":"https:\/\/www.hapy-com.fr\/echoppe\/wp-json\/wp\/v2\/media\/10532"}],"wp:attachment":[{"href":"https:\/\/www.hapy-com.fr\/echoppe\/wp-json\/wp\/v2\/media?parent=26783"}],"wp:term":[{"taxonomy":"product_cat","embeddable":true,"href":"https:\/\/www.hapy-com.fr\/echoppe\/wp-json\/wp\/v2\/product_cat?post=26783"},{"taxonomy":"product_tag","embeddable":true,"href":"https:\/\/www.hapy-com.fr\/echoppe\/wp-json\/wp\/v2\/product_tag?post=26783"}],"curies":[{"name":"wp","href":"https:\/\/api.w.org\/{rel}","templated":true}]}}