{"id":26856,"date":"2022-06-24T14:55:31","date_gmt":"2022-06-24T12:55:31","guid":{"rendered":"http:\/\/www.hapy-com.fr\/echoppe\/product\/tasse-sublimation-bornel-2\/"},"modified":"2022-06-24T14:55:31","modified_gmt":"2022-06-24T12:55:31","slug":"tasse-sublimation-bornel-2","status":"publish","type":"product","link":"https:\/\/www.hapy-com.fr\/echoppe\/product\/tasse-sublimation-bornel-2\/","title":{"rendered":"Tasse Sublimation Bornel"},"content":{"rendered":"<p>Tasse en c\u00e9ramique de 350ml de capacit\u00e9 en couleur blanche et sp\u00e9cialement con\u00e7ue pour le marquage en sublimation. Pr\u00e9sent\u00e9 en bo\u00eete individuelle.<\/p>\n","protected":false},"excerpt":{"rendered":"<p>Tasse en c\u00e9ramique de 350ml de capacit\u00e9 en couleur blanche et sp\u00e9cialement con\u00e7ue pour le marquage en sublimation. Pr\u00e9sent\u00e9 en bo\u00eete individuelle.<\/p>\n","protected":false},"featured_media":10560,"template":"","meta":[],"product_cat":[346],"product_tag":[],"class_list":{"0":"post-26856","1":"product","2":"type-product","3":"status-publish","4":"has-post-thumbnail","6":"product_cat-mugs","8":"first","9":"instock","10":"shipping-taxable","11":"purchasable","12":"product-type-simple"},"_links":{"self":[{"href":"https:\/\/www.hapy-com.fr\/echoppe\/wp-json\/wp\/v2\/product\/26856","targetHints":{"allow":["GET"]}}],"collection":[{"href":"https:\/\/www.hapy-com.fr\/echoppe\/wp-json\/wp\/v2\/product"}],"about":[{"href":"https:\/\/www.hapy-com.fr\/echoppe\/wp-json\/wp\/v2\/types\/product"}],"wp:featuredmedia":[{"embeddable":true,"href":"https:\/\/www.hapy-com.fr\/echoppe\/wp-json\/wp\/v2\/media\/10560"}],"wp:attachment":[{"href":"https:\/\/www.hapy-com.fr\/echoppe\/wp-json\/wp\/v2\/media?parent=26856"}],"wp:term":[{"taxonomy":"product_cat","embeddable":true,"href":"https:\/\/www.hapy-com.fr\/echoppe\/wp-json\/wp\/v2\/product_cat?post=26856"},{"taxonomy":"product_tag","embeddable":true,"href":"https:\/\/www.hapy-com.fr\/echoppe\/wp-json\/wp\/v2\/product_tag?post=26856"}],"curies":[{"name":"wp","href":"https:\/\/api.w.org\/{rel}","templated":true}]}}