{"id":27071,"date":"2022-06-24T14:58:23","date_gmt":"2022-06-24T12:58:23","guid":{"rendered":"http:\/\/www.hapy-com.fr\/echoppe\/product\/verre-citrox-5\/"},"modified":"2022-06-24T14:58:23","modified_gmt":"2022-06-24T12:58:23","slug":"verre-citrox-5","status":"publish","type":"product","link":"https:\/\/www.hapy-com.fr\/echoppe\/product\/verre-citrox-5\/","title":{"rendered":"Verre Citrox"},"content":{"rendered":"<p>Mug en acier inoxydable d\u00b4une capacit\u00e9 de 290ml avec corps en couleurs vives et brillantes. Avec bouchon doseur de s\u00e9curit\u00e9 et socle avec rev\u00eatement en mousse souple. Pr\u00e9sent\u00e9 en bo\u00eete individuelle.<\/p>\n","protected":false},"excerpt":{"rendered":"<p>Mug en acier inoxydable d\u00b4une capacit\u00e9 de 290ml avec corps en couleurs vives et brillantes. Avec bouchon doseur de s\u00e9curit\u00e9 et socle avec rev\u00eatement en mousse souple. Pr\u00e9sent\u00e9 en bo\u00eete&#8230;<\/p>\n","protected":false},"featured_media":10632,"template":"","meta":[],"product_cat":[346],"product_tag":[],"class_list":{"0":"post-27071","1":"product","2":"type-product","3":"status-publish","4":"has-post-thumbnail","6":"product_cat-mugs","8":"first","9":"instock","10":"shipping-taxable","11":"purchasable","12":"product-type-simple"},"_links":{"self":[{"href":"https:\/\/www.hapy-com.fr\/echoppe\/wp-json\/wp\/v2\/product\/27071","targetHints":{"allow":["GET"]}}],"collection":[{"href":"https:\/\/www.hapy-com.fr\/echoppe\/wp-json\/wp\/v2\/product"}],"about":[{"href":"https:\/\/www.hapy-com.fr\/echoppe\/wp-json\/wp\/v2\/types\/product"}],"wp:featuredmedia":[{"embeddable":true,"href":"https:\/\/www.hapy-com.fr\/echoppe\/wp-json\/wp\/v2\/media\/10632"}],"wp:attachment":[{"href":"https:\/\/www.hapy-com.fr\/echoppe\/wp-json\/wp\/v2\/media?parent=27071"}],"wp:term":[{"taxonomy":"product_cat","embeddable":true,"href":"https:\/\/www.hapy-com.fr\/echoppe\/wp-json\/wp\/v2\/product_cat?post=27071"},{"taxonomy":"product_tag","embeddable":true,"href":"https:\/\/www.hapy-com.fr\/echoppe\/wp-json\/wp\/v2\/product_tag?post=27071"}],"curies":[{"name":"wp","href":"https:\/\/api.w.org\/{rel}","templated":true}]}}