{"id":27356,"date":"2022-06-24T15:02:14","date_gmt":"2022-06-24T13:02:14","guid":{"rendered":"http:\/\/www.hapy-com.fr\/echoppe\/product\/tasse-kulmer-8\/"},"modified":"2022-06-24T15:02:14","modified_gmt":"2022-06-24T13:02:14","slug":"tasse-kulmer-8","status":"publish","type":"product","link":"https:\/\/www.hapy-com.fr\/echoppe\/product\/tasse-kulmer-8\/","title":{"rendered":"Tasse Kulmer"},"content":{"rendered":"<p>Tasse en c\u00e9ramique de qualit\u00e9 sup\u00e9rieure de 350 ml. Partie ext\u00e9rieure en blanc, sp\u00e9cialement con\u00e7u  pour le marquage au laser et pour l\u00b4int\u00e9rieur avec des couleurs vives. Lors de la gravure du logo \u00e0 l\u00b4ext\u00e9rieur, la couleur de l\u00b4int\u00e9rieur du gobelet est affich\u00e9e. Pr\u00e9sent\u00e9 dans une bo\u00eete individuelle.<\/p>\n","protected":false},"excerpt":{"rendered":"<p>Tasse en c\u00e9ramique de qualit\u00e9 sup\u00e9rieure de 350 ml. Partie ext\u00e9rieure en blanc, sp\u00e9cialement con\u00e7u pour le marquage au laser et pour l\u00b4int\u00e9rieur avec des couleurs vives. Lors de la&#8230;<\/p>\n","protected":false},"featured_media":27355,"template":"","meta":[],"product_cat":[346],"product_tag":[],"class_list":{"0":"post-27356","1":"product","2":"type-product","3":"status-publish","4":"has-post-thumbnail","6":"product_cat-mugs","8":"first","9":"instock","10":"shipping-taxable","11":"purchasable","12":"product-type-simple"},"_links":{"self":[{"href":"https:\/\/www.hapy-com.fr\/echoppe\/wp-json\/wp\/v2\/product\/27356","targetHints":{"allow":["GET"]}}],"collection":[{"href":"https:\/\/www.hapy-com.fr\/echoppe\/wp-json\/wp\/v2\/product"}],"about":[{"href":"https:\/\/www.hapy-com.fr\/echoppe\/wp-json\/wp\/v2\/types\/product"}],"wp:featuredmedia":[{"embeddable":true,"href":"https:\/\/www.hapy-com.fr\/echoppe\/wp-json\/wp\/v2\/media\/27355"}],"wp:attachment":[{"href":"https:\/\/www.hapy-com.fr\/echoppe\/wp-json\/wp\/v2\/media?parent=27356"}],"wp:term":[{"taxonomy":"product_cat","embeddable":true,"href":"https:\/\/www.hapy-com.fr\/echoppe\/wp-json\/wp\/v2\/product_cat?post=27356"},{"taxonomy":"product_tag","embeddable":true,"href":"https:\/\/www.hapy-com.fr\/echoppe\/wp-json\/wp\/v2\/product_tag?post=27356"}],"curies":[{"name":"wp","href":"https:\/\/api.w.org\/{rel}","templated":true}]}}