{"id":27444,"date":"2022-06-24T15:03:24","date_gmt":"2022-06-24T13:03:24","guid":{"rendered":"http:\/\/www.hapy-com.fr\/echoppe\/product\/bidon-rextan-9\/"},"modified":"2022-06-24T15:03:24","modified_gmt":"2022-06-24T13:03:24","slug":"bidon-rextan-9","status":"publish","type":"product","link":"https:\/\/www.hapy-com.fr\/echoppe\/product\/bidon-rextan-9\/","title":{"rendered":"Bidon Rextan"},"content":{"rendered":"<p>Bouteille simple paroi de 790ml en acier inoxydable. Bidon disponible dans diff\u00e9rents coloris. Sans BPA. Etanche gr\u00e2ce \u00e0 son bouchon de s\u00e9curit\u00e9. Livr\u00e9e dans bo\u00eete individuelle.<\/p>\n","protected":false},"excerpt":{"rendered":"<p>Bouteille simple paroi de 790ml en acier inoxydable. Bidon disponible dans diff\u00e9rents coloris. Sans BPA. Etanche gr\u00e2ce \u00e0 son bouchon de s\u00e9curit\u00e9. Livr\u00e9e dans bo\u00eete individuelle.<\/p>\n","protected":false},"featured_media":27443,"template":"","meta":[],"product_cat":[346],"product_tag":[],"class_list":{"0":"post-27444","1":"product","2":"type-product","3":"status-publish","4":"has-post-thumbnail","6":"product_cat-mugs","8":"first","9":"instock","10":"shipping-taxable","11":"purchasable","12":"product-type-simple"},"_links":{"self":[{"href":"https:\/\/www.hapy-com.fr\/echoppe\/wp-json\/wp\/v2\/product\/27444","targetHints":{"allow":["GET"]}}],"collection":[{"href":"https:\/\/www.hapy-com.fr\/echoppe\/wp-json\/wp\/v2\/product"}],"about":[{"href":"https:\/\/www.hapy-com.fr\/echoppe\/wp-json\/wp\/v2\/types\/product"}],"wp:featuredmedia":[{"embeddable":true,"href":"https:\/\/www.hapy-com.fr\/echoppe\/wp-json\/wp\/v2\/media\/27443"}],"wp:attachment":[{"href":"https:\/\/www.hapy-com.fr\/echoppe\/wp-json\/wp\/v2\/media?parent=27444"}],"wp:term":[{"taxonomy":"product_cat","embeddable":true,"href":"https:\/\/www.hapy-com.fr\/echoppe\/wp-json\/wp\/v2\/product_cat?post=27444"},{"taxonomy":"product_tag","embeddable":true,"href":"https:\/\/www.hapy-com.fr\/echoppe\/wp-json\/wp\/v2\/product_tag?post=27444"}],"curies":[{"name":"wp","href":"https:\/\/api.w.org\/{rel}","templated":true}]}}