{"id":27447,"date":"2022-06-24T15:03:25","date_gmt":"2022-06-24T13:03:25","guid":{"rendered":"http:\/\/www.hapy-com.fr\/echoppe\/product\/verre-ariston-2\/"},"modified":"2022-06-24T15:03:25","modified_gmt":"2022-06-24T13:03:25","slug":"verre-ariston-2","status":"publish","type":"product","link":"https:\/\/www.hapy-com.fr\/echoppe\/product\/verre-ariston-2\/","title":{"rendered":"Verre Ariston"},"content":{"rendered":"<p>Gobelet de voyage en acier inoxydable de finition bambou, d une capacit\u00e9 de 500 ml. Avec couvercle dosificateur de s\u00e9curit\u00e9. Pr\u00e9sentation boite individuelle design.<\/p>\n","protected":false},"excerpt":{"rendered":"<p>Gobelet de voyage en acier inoxydable de finition bambou, d une capacit\u00e9 de 500 ml. Avec couvercle dosificateur de s\u00e9curit\u00e9. Pr\u00e9sentation boite individuelle design.<\/p>\n","protected":false},"featured_media":10799,"template":"","meta":[],"product_cat":[346],"product_tag":[],"class_list":{"0":"post-27447","1":"product","2":"type-product","3":"status-publish","4":"has-post-thumbnail","6":"product_cat-mugs","8":"first","9":"instock","10":"shipping-taxable","11":"purchasable","12":"product-type-simple"},"_links":{"self":[{"href":"https:\/\/www.hapy-com.fr\/echoppe\/wp-json\/wp\/v2\/product\/27447","targetHints":{"allow":["GET"]}}],"collection":[{"href":"https:\/\/www.hapy-com.fr\/echoppe\/wp-json\/wp\/v2\/product"}],"about":[{"href":"https:\/\/www.hapy-com.fr\/echoppe\/wp-json\/wp\/v2\/types\/product"}],"wp:featuredmedia":[{"embeddable":true,"href":"https:\/\/www.hapy-com.fr\/echoppe\/wp-json\/wp\/v2\/media\/10799"}],"wp:attachment":[{"href":"https:\/\/www.hapy-com.fr\/echoppe\/wp-json\/wp\/v2\/media?parent=27447"}],"wp:term":[{"taxonomy":"product_cat","embeddable":true,"href":"https:\/\/www.hapy-com.fr\/echoppe\/wp-json\/wp\/v2\/product_cat?post=27447"},{"taxonomy":"product_tag","embeddable":true,"href":"https:\/\/www.hapy-com.fr\/echoppe\/wp-json\/wp\/v2\/product_tag?post=27447"}],"curies":[{"name":"wp","href":"https:\/\/api.w.org\/{rel}","templated":true}]}}