{"id":27840,"date":"2022-06-24T15:08:36","date_gmt":"2022-06-24T13:08:36","guid":{"rendered":"http:\/\/www.hapy-com.fr\/echoppe\/product\/set-couverts-plusin-2\/"},"modified":"2022-06-25T13:31:03","modified_gmt":"2022-06-25T11:31:03","slug":"set-couverts-plusin-2","status":"publish","type":"product","link":"https:\/\/www.hapy-com.fr\/echoppe\/product\/set-couverts-plusin-2\/","title":{"rendered":"Set Couverts Plusin"},"content":{"rendered":"<p>Set couverts &#8211; Ensemble de 3 couverts. Fabriqu\u00e9 en bambou, comprenant une fourchette, une cuill\u00e8re et un couteau. Pr\u00e9sent\u00e9s dans une pochette en coton avec une fermeture pratique.<\/p>\n","protected":false},"excerpt":{"rendered":"<p>Set couverts &#8211; Ensemble de 3 couverts. Fabriqu\u00e9 en bambou, comprenant une fourchette, une cuill\u00e8re et un couteau. Pr\u00e9sent\u00e9s dans une pochette en coton avec une fermeture pratique.<\/p>\n","protected":false},"featured_media":11189,"template":"","meta":[],"product_cat":[345,438],"product_tag":[],"class_list":{"0":"post-27840","1":"product","2":"type-product","3":"status-publish","4":"has-post-thumbnail","6":"product_cat-accessoires","7":"product_cat-couverts","9":"first","10":"instock","11":"shipping-taxable","12":"purchasable","13":"product-type-simple"},"_links":{"self":[{"href":"https:\/\/www.hapy-com.fr\/echoppe\/wp-json\/wp\/v2\/product\/27840","targetHints":{"allow":["GET"]}}],"collection":[{"href":"https:\/\/www.hapy-com.fr\/echoppe\/wp-json\/wp\/v2\/product"}],"about":[{"href":"https:\/\/www.hapy-com.fr\/echoppe\/wp-json\/wp\/v2\/types\/product"}],"wp:featuredmedia":[{"embeddable":true,"href":"https:\/\/www.hapy-com.fr\/echoppe\/wp-json\/wp\/v2\/media\/11189"}],"wp:attachment":[{"href":"https:\/\/www.hapy-com.fr\/echoppe\/wp-json\/wp\/v2\/media?parent=27840"}],"wp:term":[{"taxonomy":"product_cat","embeddable":true,"href":"https:\/\/www.hapy-com.fr\/echoppe\/wp-json\/wp\/v2\/product_cat?post=27840"},{"taxonomy":"product_tag","embeddable":true,"href":"https:\/\/www.hapy-com.fr\/echoppe\/wp-json\/wp\/v2\/product_tag?post=27840"}],"curies":[{"name":"wp","href":"https:\/\/api.w.org\/{rel}","templated":true}]}}