{"id":27872,"date":"2022-06-24T15:38:44","date_gmt":"2022-06-24T13:38:44","guid":{"rendered":"http:\/\/www.hapy-com.fr\/echoppe\/product\/stand-gonflable-24-x-22-m-personnalisable-walomo\/"},"modified":"2022-06-24T15:38:44","modified_gmt":"2022-06-24T13:38:44","slug":"stand-gonflable-24-x-22-m-personnalisable-walomo","status":"publish","type":"product","link":"https:\/\/www.hapy-com.fr\/echoppe\/product\/stand-gonflable-24-x-22-m-personnalisable-walomo\/","title":{"rendered":"Stand Gonflable 2,4 x 2,2 m personnalisable &#8211; WALOMO"},"content":{"rendered":"<p>Ce mur d\u2019image aussi appel\u00e9 photocall se distingue par sa structure gonflable. D\u2019une longueur totale de 3m, il se d\u00e9marque par ses 2 retours de 50cm. L\u2019anglet ouvert \u00e0 120\u00b0 donne un effet plus accueillant que les autres stands. La housse 100% polyester imprim\u00e9e en sublimation est r\u00e9alis\u00e9e en haute d\u00e9finition. L\u2019ensemble est livr\u00e9 d\u00e9j\u00e0 assembl\u00e9 : le montage se fait donc en 1 minute \u00e0 l\u2019aide d\u2019une pompe manuelle ou d\u2019un gonfleur 400 W. Une impression recto\/verso est possible sur ce produit. Un trolley \u00e0 roulettes est en option pour un transport plus facile.sublimation ,  fermeture \u00e0 glissi\u00e8re sur la base . Pouvant \u00eatre plac\u00e9 directement le long d\u2019un mur<br \/>\nImpression recto \/verso possible<br \/>\n.Structure disponible sur stock dans notre entrep\u00f4t parisien, impression r\u00e9alis\u00e9e apr\u00e8s validation de la commande<\/p>\n","protected":false},"excerpt":{"rendered":"<p>Ce mur d\u2019image aussi appel\u00e9 photocall se distingue par sa structure gonflable. D\u2019une longueur totale de 3m, il se d\u00e9marque par ses 2 retours de 50cm. L\u2019ang<\/p>\n","protected":false},"featured_media":0,"template":"","meta":[],"product_cat":[341],"product_tag":[366],"class_list":{"0":"post-27872","1":"product","2":"type-product","3":"status-publish","5":"product_cat-plv","6":"product_tag-stands","8":"first","9":"instock","10":"shipping-taxable","11":"purchasable","12":"product-type-simple"},"_links":{"self":[{"href":"https:\/\/www.hapy-com.fr\/echoppe\/wp-json\/wp\/v2\/product\/27872","targetHints":{"allow":["GET"]}}],"collection":[{"href":"https:\/\/www.hapy-com.fr\/echoppe\/wp-json\/wp\/v2\/product"}],"about":[{"href":"https:\/\/www.hapy-com.fr\/echoppe\/wp-json\/wp\/v2\/types\/product"}],"wp:attachment":[{"href":"https:\/\/www.hapy-com.fr\/echoppe\/wp-json\/wp\/v2\/media?parent=27872"}],"wp:term":[{"taxonomy":"product_cat","embeddable":true,"href":"https:\/\/www.hapy-com.fr\/echoppe\/wp-json\/wp\/v2\/product_cat?post=27872"},{"taxonomy":"product_tag","embeddable":true,"href":"https:\/\/www.hapy-com.fr\/echoppe\/wp-json\/wp\/v2\/product_tag?post=27872"}],"curies":[{"name":"wp","href":"https:\/\/api.w.org\/{rel}","templated":true}]}}