{"id":27877,"date":"2022-06-24T15:38:45","date_gmt":"2022-06-24T13:38:45","guid":{"rendered":"http:\/\/www.hapy-com.fr\/echoppe\/product\/siege-gonflable-personnalisable-walomo\/"},"modified":"2022-06-24T15:38:45","modified_gmt":"2022-06-24T13:38:45","slug":"siege-gonflable-personnalisable-walomo","status":"publish","type":"product","link":"https:\/\/www.hapy-com.fr\/echoppe\/product\/siege-gonflable-personnalisable-walomo\/","title":{"rendered":"Si\u00e8ge Gonflable personnalisable &#8211; WALOMO"},"content":{"rendered":"<p>Peu encombrant et l\u00e9ger, ce si\u00e8ge gonflable personnalisable trouvera sa place en int\u00e9rieur comme en ext\u00e9rieur. Facile \u00e0 mettre en place, \u00e9conomique dans le transport et le stockage : il sera votre atout communication pour vos op\u00e9rations \u00e9v\u00e9nementielles. Les compartiments de la structure gonflable en PVC assurent une stabilit\u00e9 de forme et d&rsquo;assise ainsi qu&rsquo;une grande r\u00e9sistance. Structure gonflable en PVC souple. Housse en polyester spandex 260g\/m\u00b2 imprim\u00e9e en sublimation num\u00e9rique haute d\u00e9finition. L\u2019ensemble est livr\u00e9 mont\u00e9 : il ne reste qu\u2019\u00e0 gonfler en 40 secondes avec une pompe manuelle ou un gonfleur \u00e9lectrique..Structure disponible sur stock dans notre entrep\u00f4t parisien, impression r\u00e9alis\u00e9e apr\u00e8s validation de la commande<\/p>\n","protected":false},"excerpt":{"rendered":"<p>Peu encombrant et l\u00e9ger, ce si\u00e8ge gonflable personnalisable trouvera sa place en int\u00e9rieur comme en ext\u00e9rieur. Facile \u00e0 mettre en place, \u00e9conomique dans le<\/p>\n","protected":false},"featured_media":0,"template":"","meta":[],"product_cat":[341],"product_tag":[377],"class_list":{"0":"post-27877","1":"product","2":"type-product","3":"status-publish","5":"product_cat-plv","6":"product_tag-sieges-ottomans","8":"first","9":"instock","10":"shipping-taxable","11":"purchasable","12":"product-type-simple"},"_links":{"self":[{"href":"https:\/\/www.hapy-com.fr\/echoppe\/wp-json\/wp\/v2\/product\/27877","targetHints":{"allow":["GET"]}}],"collection":[{"href":"https:\/\/www.hapy-com.fr\/echoppe\/wp-json\/wp\/v2\/product"}],"about":[{"href":"https:\/\/www.hapy-com.fr\/echoppe\/wp-json\/wp\/v2\/types\/product"}],"wp:attachment":[{"href":"https:\/\/www.hapy-com.fr\/echoppe\/wp-json\/wp\/v2\/media?parent=27877"}],"wp:term":[{"taxonomy":"product_cat","embeddable":true,"href":"https:\/\/www.hapy-com.fr\/echoppe\/wp-json\/wp\/v2\/product_cat?post=27877"},{"taxonomy":"product_tag","embeddable":true,"href":"https:\/\/www.hapy-com.fr\/echoppe\/wp-json\/wp\/v2\/product_tag?post=27877"}],"curies":[{"name":"wp","href":"https:\/\/api.w.org\/{rel}","templated":true}]}}