{"id":27891,"date":"2022-06-24T15:38:48","date_gmt":"2022-06-24T13:38:48","guid":{"rendered":"http:\/\/www.hapy-com.fr\/echoppe\/product\/barriere-haricot-golf-70-x-130-cm-personnalisable-walomo\/"},"modified":"2022-06-24T15:38:48","modified_gmt":"2022-06-24T13:38:48","slug":"barriere-haricot-golf-70-x-130-cm-personnalisable-walomo","status":"publish","type":"product","link":"https:\/\/www.hapy-com.fr\/echoppe\/product\/barriere-haricot-golf-70-x-130-cm-personnalisable-walomo\/","title":{"rendered":"Barri\u00e8re Haricot Golf 70 x 130 cm personnalisable &#8211; WALOMO"},"content":{"rendered":"<p>Drapeau de sol haricot 70x130cm recto-verso \u00e0 m\u00e9moire de forme. Tr\u00e8s utilis\u00e9e dans le milieu du golf, cette barri\u00e8re se d\u00e9ploie en 2 secondes comme une tente gr\u00e2ce \u00e0 sa structure m\u00e9tallique \u00e0 m\u00e9moire de forme. L&rsquo;impression est r\u00e9alis\u00e9e des 2 c\u00f4t\u00e9s sur une mati\u00e8re opaque pour bien lire les 2 c\u00f4t\u00e9s. Possibilit\u00e9 de faire 2 visuels diff\u00e9rents d&rsquo;un c\u00f4t\u00e9 et de l&rsquo;autre. Structure conditionn\u00e9e dans un sac de transport. Facile \u00e0 transporter et \u00e0 d\u00e9plier et replier. Sardines fournies pour fixation au sol. Utilisation ext\u00e9rieure conseill\u00e9e.Structure disponible sur stock dans notre entrep\u00f4t parisien, impression r\u00e9alis\u00e9e apr\u00e8s validation de la commande<\/p>\n","protected":false},"excerpt":{"rendered":"<p>Drapeau de sol haricot 70x130cm recto-verso \u00e0 m\u00e9moire de forme. Tr\u00e8s utilis\u00e9e dans le milieu du golf, cette barri\u00e8re se d\u00e9ploie en 2 secondes comme une te<\/p>\n","protected":false},"featured_media":0,"template":"","meta":[],"product_cat":[341],"product_tag":[371,370,372],"class_list":{"0":"post-27891","1":"product","2":"type-product","3":"status-publish","5":"product_cat-plv","6":"product_tag-de","7":"product_tag-drapeaux","8":"product_tag-sol","10":"first","11":"instock","12":"shipping-taxable","13":"purchasable","14":"product-type-simple"},"_links":{"self":[{"href":"https:\/\/www.hapy-com.fr\/echoppe\/wp-json\/wp\/v2\/product\/27891","targetHints":{"allow":["GET"]}}],"collection":[{"href":"https:\/\/www.hapy-com.fr\/echoppe\/wp-json\/wp\/v2\/product"}],"about":[{"href":"https:\/\/www.hapy-com.fr\/echoppe\/wp-json\/wp\/v2\/types\/product"}],"wp:attachment":[{"href":"https:\/\/www.hapy-com.fr\/echoppe\/wp-json\/wp\/v2\/media?parent=27891"}],"wp:term":[{"taxonomy":"product_cat","embeddable":true,"href":"https:\/\/www.hapy-com.fr\/echoppe\/wp-json\/wp\/v2\/product_cat?post=27891"},{"taxonomy":"product_tag","embeddable":true,"href":"https:\/\/www.hapy-com.fr\/echoppe\/wp-json\/wp\/v2\/product_tag?post=27891"}],"curies":[{"name":"wp","href":"https:\/\/api.w.org\/{rel}","templated":true}]}}