{"id":27922,"date":"2022-06-24T15:38:54","date_gmt":"2022-06-24T13:38:54","guid":{"rendered":"http:\/\/www.hapy-com.fr\/echoppe\/product\/drapeau-de-supporter-64-x-51-cm-personnalisable-walomo\/"},"modified":"2022-06-24T15:38:54","modified_gmt":"2022-06-24T13:38:54","slug":"drapeau-de-supporter-64-x-51-cm-personnalisable-walomo","status":"publish","type":"product","link":"https:\/\/www.hapy-com.fr\/echoppe\/product\/drapeau-de-supporter-64-x-51-cm-personnalisable-walomo\/","title":{"rendered":"Drapeau de Supporter 64 x 51 cm personnalisable &#8211; WALOMO"},"content":{"rendered":"<p>Drapeaux 64 x 51cm personnalis\u00e9s de supporters \u00e0 agiter pour stade ou comp\u00e9titions sportives. Le drapeau est imprim\u00e9 sur une mati\u00e8re 100% polyester 100D, sur le recto visible au verso par transparence. Impression quadri num\u00e9rique ou en s\u00e9rigraphie. Hampe PVC souple 90cm. Sp\u00e9cial stade. Autres formats et finitions sur devis.<\/p>\n","protected":false},"excerpt":{"rendered":"<p>Drapeaux 64 x 51cm personnalis\u00e9s de supporters \u00e0 agiter pour stade ou comp\u00e9titions sportives. Le drapeau est imprim\u00e9 sur une mati\u00e8re 100% polyester 100D, s<\/p>\n","protected":false},"featured_media":0,"template":"","meta":[],"product_cat":[341],"product_tag":[371,370,403],"class_list":{"0":"post-27922","1":"product","2":"type-product","3":"status-publish","5":"product_cat-plv","6":"product_tag-de","7":"product_tag-drapeaux","8":"product_tag-supporter","10":"first","11":"instock","12":"shipping-taxable","13":"purchasable","14":"product-type-simple"},"_links":{"self":[{"href":"https:\/\/www.hapy-com.fr\/echoppe\/wp-json\/wp\/v2\/product\/27922","targetHints":{"allow":["GET"]}}],"collection":[{"href":"https:\/\/www.hapy-com.fr\/echoppe\/wp-json\/wp\/v2\/product"}],"about":[{"href":"https:\/\/www.hapy-com.fr\/echoppe\/wp-json\/wp\/v2\/types\/product"}],"wp:attachment":[{"href":"https:\/\/www.hapy-com.fr\/echoppe\/wp-json\/wp\/v2\/media?parent=27922"}],"wp:term":[{"taxonomy":"product_cat","embeddable":true,"href":"https:\/\/www.hapy-com.fr\/echoppe\/wp-json\/wp\/v2\/product_cat?post=27922"},{"taxonomy":"product_tag","embeddable":true,"href":"https:\/\/www.hapy-com.fr\/echoppe\/wp-json\/wp\/v2\/product_tag?post=27922"}],"curies":[{"name":"wp","href":"https:\/\/api.w.org\/{rel}","templated":true}]}}