{"id":27923,"date":"2022-06-24T15:38:54","date_gmt":"2022-06-24T13:38:54","guid":{"rendered":"http:\/\/www.hapy-com.fr\/echoppe\/product\/fanions-personnalises-personnalisable-walomo\/"},"modified":"2022-06-25T11:15:55","modified_gmt":"2022-06-25T09:15:55","slug":"fanions-personnalises-personnalisable-walomo","status":"publish","type":"product","link":"https:\/\/www.hapy-com.fr\/echoppe\/product\/fanions-personnalises-personnalisable-walomo\/","title":{"rendered":"Fanions Personnalis\u00e9s personnalisable &#8211; WALOMO"},"content":{"rendered":"<p>Mati\u00e8re satin\u00e9e 100 % Polyester. Impression recto num\u00e9rique en sublimation. Finitions avec frange possible (sur demande).<br \/>\nTaille \u00e0 la demande \u00e0 partir de 100 pcs.<\/p>\n","protected":false},"excerpt":{"rendered":"<p>Mati\u00e8re satin\u00e9e 100 % Polyester. Impression recto num\u00e9rique en sublimation. Finitions avec frange possible (sur demande).<br \/>\nTaille \u00e0 la demande \u00e0 partir de 1<\/p>\n","protected":false},"featured_media":28347,"template":"","meta":[],"product_cat":[341],"product_tag":[388,405,404],"class_list":{"0":"post-27923","1":"product","2":"type-product","3":"status-publish","4":"has-post-thumbnail","6":"product_cat-plv","7":"product_tag-388","8":"product_tag-fanions","9":"product_tag-guirlandes","11":"first","12":"instock","13":"shipping-taxable","14":"purchasable","15":"product-type-simple"},"_links":{"self":[{"href":"https:\/\/www.hapy-com.fr\/echoppe\/wp-json\/wp\/v2\/product\/27923","targetHints":{"allow":["GET"]}}],"collection":[{"href":"https:\/\/www.hapy-com.fr\/echoppe\/wp-json\/wp\/v2\/product"}],"about":[{"href":"https:\/\/www.hapy-com.fr\/echoppe\/wp-json\/wp\/v2\/types\/product"}],"wp:featuredmedia":[{"embeddable":true,"href":"https:\/\/www.hapy-com.fr\/echoppe\/wp-json\/wp\/v2\/media\/28347"}],"wp:attachment":[{"href":"https:\/\/www.hapy-com.fr\/echoppe\/wp-json\/wp\/v2\/media?parent=27923"}],"wp:term":[{"taxonomy":"product_cat","embeddable":true,"href":"https:\/\/www.hapy-com.fr\/echoppe\/wp-json\/wp\/v2\/product_cat?post=27923"},{"taxonomy":"product_tag","embeddable":true,"href":"https:\/\/www.hapy-com.fr\/echoppe\/wp-json\/wp\/v2\/product_tag?post=27923"}],"curies":[{"name":"wp","href":"https:\/\/api.w.org\/{rel}","templated":true}]}}