{"id":27955,"date":"2022-06-24T15:39:00","date_gmt":"2022-06-24T13:39:00","guid":{"rendered":"http:\/\/www.hapy-com.fr\/echoppe\/product\/nouveau-porte-document-personnalisable-walomo\/"},"modified":"2022-06-25T11:13:28","modified_gmt":"2022-06-25T09:13:28","slug":"nouveau-porte-document-personnalisable-walomo","status":"publish","type":"product","link":"https:\/\/www.hapy-com.fr\/echoppe\/product\/nouveau-porte-document-personnalisable-walomo\/","title":{"rendered":"Nouveau Porte-Document personnalisable &#8211; WALOMO"},"content":{"rendered":"<p>Porte-document design en aluminium. Format A4. Stockage dans sa caisse de transport..Structure disponible sur stock dans notre entrep\u00f4t parisien, impression r\u00e9alis\u00e9e apr\u00e8s validation de la commande<\/p>\n","protected":false},"excerpt":{"rendered":"<p>Porte-document design en aluminium. Format A4. Stockage dans sa caisse de transport..Structure disponible sur stock dans notre entrep\u00f4t parisien, impressio<\/p>\n","protected":false},"featured_media":28344,"template":"","meta":[],"product_cat":[341],"product_tag":[420,421],"class_list":{"0":"post-27955","1":"product","2":"type-product","3":"status-publish","4":"has-post-thumbnail","6":"product_cat-plv","7":"product_tag-document","8":"product_tag-holder","10":"first","11":"instock","12":"shipping-taxable","13":"purchasable","14":"product-type-simple"},"_links":{"self":[{"href":"https:\/\/www.hapy-com.fr\/echoppe\/wp-json\/wp\/v2\/product\/27955","targetHints":{"allow":["GET"]}}],"collection":[{"href":"https:\/\/www.hapy-com.fr\/echoppe\/wp-json\/wp\/v2\/product"}],"about":[{"href":"https:\/\/www.hapy-com.fr\/echoppe\/wp-json\/wp\/v2\/types\/product"}],"wp:featuredmedia":[{"embeddable":true,"href":"https:\/\/www.hapy-com.fr\/echoppe\/wp-json\/wp\/v2\/media\/28344"}],"wp:attachment":[{"href":"https:\/\/www.hapy-com.fr\/echoppe\/wp-json\/wp\/v2\/media?parent=27955"}],"wp:term":[{"taxonomy":"product_cat","embeddable":true,"href":"https:\/\/www.hapy-com.fr\/echoppe\/wp-json\/wp\/v2\/product_cat?post=27955"},{"taxonomy":"product_tag","embeddable":true,"href":"https:\/\/www.hapy-com.fr\/echoppe\/wp-json\/wp\/v2\/product_tag?post=27955"}],"curies":[{"name":"wp","href":"https:\/\/api.w.org\/{rel}","templated":true}]}}