{"id":27968,"date":"2022-06-24T15:39:03","date_gmt":"2022-06-24T13:39:03","guid":{"rendered":"http:\/\/www.hapy-com.fr\/echoppe\/product\/enrouleur-double-100-x-200-cm-personnalisable-walomo\/"},"modified":"2022-06-25T10:03:32","modified_gmt":"2022-06-25T08:03:32","slug":"enrouleur-double-100-x-200-cm-personnalisable-walomo","status":"publish","type":"product","link":"https:\/\/www.hapy-com.fr\/echoppe\/product\/enrouleur-double-100-x-200-cm-personnalisable-walomo\/","title":{"rendered":"Enrouleur Double 100 x 200 cm personnalisable &#8211; WALOMO"},"content":{"rendered":"<p>Enrouleur en aluminium double-face. Sur ce rollup double, les deux affiches sont mont\u00e9es sur leur propre syt\u00e8me d\u2019enroulement. Une seule tige en aluminium les maintient en haut. Un renfort m\u00e9tallique sous le corps assure la rigidit\u00e9 de l\u2019ensemble. Le sac de transport matelass\u00e9 est en polyester. 1 colis individuel contient 2 pi\u00e8ces..Structure disponible sur stock dans notre entrep\u00f4t parisien, impression r\u00e9alis\u00e9e apr\u00e8s validation de la commande<\/p>\n","protected":false},"excerpt":{"rendered":"<p>Enrouleur en aluminium double-face. Sur ce rollup double, les deux affiches sont mont\u00e9es sur leur propre syt\u00e8me d\u2019enroulement. Une seule tige en aluminium<\/p>\n","protected":false},"featured_media":28283,"template":"","meta":[],"product_cat":[341],"product_tag":[],"class_list":{"0":"post-27968","1":"product","2":"type-product","3":"status-publish","4":"has-post-thumbnail","6":"product_cat-plv","8":"first","9":"instock","10":"shipping-taxable","11":"purchasable","12":"product-type-simple"},"_links":{"self":[{"href":"https:\/\/www.hapy-com.fr\/echoppe\/wp-json\/wp\/v2\/product\/27968","targetHints":{"allow":["GET"]}}],"collection":[{"href":"https:\/\/www.hapy-com.fr\/echoppe\/wp-json\/wp\/v2\/product"}],"about":[{"href":"https:\/\/www.hapy-com.fr\/echoppe\/wp-json\/wp\/v2\/types\/product"}],"wp:featuredmedia":[{"embeddable":true,"href":"https:\/\/www.hapy-com.fr\/echoppe\/wp-json\/wp\/v2\/media\/28283"}],"wp:attachment":[{"href":"https:\/\/www.hapy-com.fr\/echoppe\/wp-json\/wp\/v2\/media?parent=27968"}],"wp:term":[{"taxonomy":"product_cat","embeddable":true,"href":"https:\/\/www.hapy-com.fr\/echoppe\/wp-json\/wp\/v2\/product_cat?post=27968"},{"taxonomy":"product_tag","embeddable":true,"href":"https:\/\/www.hapy-com.fr\/echoppe\/wp-json\/wp\/v2\/product_tag?post=27968"}],"curies":[{"name":"wp","href":"https:\/\/api.w.org\/{rel}","templated":true}]}}