{"id":27976,"date":"2022-06-24T15:39:04","date_gmt":"2022-06-24T13:39:04","guid":{"rendered":"http:\/\/www.hapy-com.fr\/echoppe\/product\/stand-parapluie-photocall-personnalise-224x224cm-seg-240-u-know\/"},"modified":"2022-06-25T09:08:52","modified_gmt":"2022-06-25T07:08:52","slug":"stand-parapluie-photocall-personnalise-224x224cm-seg-240-u-know","status":"publish","type":"product","link":"https:\/\/www.hapy-com.fr\/echoppe\/product\/stand-parapluie-photocall-personnalise-224x224cm-seg-240-u-know\/","title":{"rendered":"Stand Parapluie Photocall personnalis\u00e9 224X224Cm SEG 240 &#8211; U-KNOW"},"content":{"rendered":"<p>Le stand SEG 240 repr\u00e9sente la solution d\u2019affichage lumineux grand format la plus transportable du march\u00e9. L\u2019installation est facile car elle emprunte la technique connue du popup ou parapluie. La finition est meilleure que les stands \u00e0 fixation par Velcro gr\u00e2ce aux joints en silicone qui permettent une tension parfaite. En y ajoutant les accessoires n\u00e9cessaires, la structure peut \u00eatre habill\u00e9e au verso \u00e9galement de sorte \u00e0 pr\u00e9senter le support en milieu de stand et non seulement coll\u00e9e \u00e0 un mur. Les LED qui permettent le r\u00e9tro-\u00e9clairage sont en option et ne sont pas obligatoires sur la structure. En optant pour ces LED, il est fortement recommand\u00e9 de r\u00e9aliser un graphique avec un fond fonc\u00e9 et laisser le trac\u00e9 du logo en r\u00e9serve. L\u2019impression est r\u00e9alis\u00e9e sur une mati\u00e8re polyester diffusante 290g\/m\u00b2. La structure est livr\u00e9e dans un sac de transport inclus avec. Utilisation int\u00e9rieure exclusivement. Possibilit\u00e9 de raccorder deux stands SEG en ligne droite ou en angle droit. Structure disponible sur stock, impression r\u00e9alis\u00e9e au moment de la validation de la commande.<\/p>\n","protected":false},"excerpt":{"rendered":"<p>Le stand SEG 240 repr\u00e9sente la solution d\u2019affichage lumineux grand format la plus transportable du march\u00e9. L\u2019installation est facile car elle emprunte la t<\/p>\n","protected":false},"featured_media":28268,"template":"","meta":[],"product_cat":[341],"product_tag":[373,366],"class_list":{"0":"post-27976","1":"product","2":"type-product","3":"status-publish","4":"has-post-thumbnail","6":"product_cat-plv","7":"product_tag-droits","8":"product_tag-stands","10":"first","11":"instock","12":"shipping-taxable","13":"purchasable","14":"product-type-simple"},"_links":{"self":[{"href":"https:\/\/www.hapy-com.fr\/echoppe\/wp-json\/wp\/v2\/product\/27976","targetHints":{"allow":["GET"]}}],"collection":[{"href":"https:\/\/www.hapy-com.fr\/echoppe\/wp-json\/wp\/v2\/product"}],"about":[{"href":"https:\/\/www.hapy-com.fr\/echoppe\/wp-json\/wp\/v2\/types\/product"}],"wp:featuredmedia":[{"embeddable":true,"href":"https:\/\/www.hapy-com.fr\/echoppe\/wp-json\/wp\/v2\/media\/28268"}],"wp:attachment":[{"href":"https:\/\/www.hapy-com.fr\/echoppe\/wp-json\/wp\/v2\/media?parent=27976"}],"wp:term":[{"taxonomy":"product_cat","embeddable":true,"href":"https:\/\/www.hapy-com.fr\/echoppe\/wp-json\/wp\/v2\/product_cat?post=27976"},{"taxonomy":"product_tag","embeddable":true,"href":"https:\/\/www.hapy-com.fr\/echoppe\/wp-json\/wp\/v2\/product_tag?post=27976"}],"curies":[{"name":"wp","href":"https:\/\/api.w.org\/{rel}","templated":true}]}}