{"id":28015,"date":"2022-06-24T15:39:14","date_gmt":"2022-06-24T13:39:14","guid":{"rendered":"http:\/\/www.hapy-com.fr\/echoppe\/product\/support-x-crack-60-x-160-cm-personnalisable-walomo\/"},"modified":"2022-06-24T22:44:06","modified_gmt":"2022-06-24T20:44:06","slug":"support-x-crack-60-x-160-cm-personnalisable-walomo","status":"publish","type":"product","link":"https:\/\/www.hapy-com.fr\/echoppe\/product\/support-x-crack-60-x-160-cm-personnalisable-walomo\/","title":{"rendered":"Support x Crack 60 x 160 cm personnalisable &#8211; WALOMO"},"content":{"rendered":"<p>Rotule en PVC articul\u00e9e avec inclinaison ajustable.<br \/>\nTraverses en fibre de verre. Affiche en B1.<br \/>\n2 tailles disponibles.<br \/>\nHousse noire non tiss\u00e9e..Structure disponible sur stock dans notre entrep\u00f4t parisien, impression r\u00e9alis\u00e9e apr\u00e8s validation de la commande<\/p>\n","protected":false},"excerpt":{"rendered":"<p>Rotule en PVC articul\u00e9e avec inclinaison ajustable.<br \/>\nTraverses en fibre de verre. Affiche en B1.<br \/>\n2 tailles disponibles.<br \/>\nHousse noire non tiss\u00e9e..Structure d<\/p>\n","protected":false},"featured_media":28055,"template":"","meta":[],"product_cat":[341],"product_tag":[423],"class_list":{"0":"post-28015","1":"product","2":"type-product","3":"status-publish","4":"has-post-thumbnail","6":"product_cat-plv","7":"product_tag-normal","9":"first","10":"instock","11":"shipping-taxable","12":"purchasable","13":"product-type-simple"},"_links":{"self":[{"href":"https:\/\/www.hapy-com.fr\/echoppe\/wp-json\/wp\/v2\/product\/28015","targetHints":{"allow":["GET"]}}],"collection":[{"href":"https:\/\/www.hapy-com.fr\/echoppe\/wp-json\/wp\/v2\/product"}],"about":[{"href":"https:\/\/www.hapy-com.fr\/echoppe\/wp-json\/wp\/v2\/types\/product"}],"wp:featuredmedia":[{"embeddable":true,"href":"https:\/\/www.hapy-com.fr\/echoppe\/wp-json\/wp\/v2\/media\/28055"}],"wp:attachment":[{"href":"https:\/\/www.hapy-com.fr\/echoppe\/wp-json\/wp\/v2\/media?parent=28015"}],"wp:term":[{"taxonomy":"product_cat","embeddable":true,"href":"https:\/\/www.hapy-com.fr\/echoppe\/wp-json\/wp\/v2\/product_cat?post=28015"},{"taxonomy":"product_tag","embeddable":true,"href":"https:\/\/www.hapy-com.fr\/echoppe\/wp-json\/wp\/v2\/product_tag?post=28015"}],"curies":[{"name":"wp","href":"https:\/\/api.w.org\/{rel}","templated":true}]}}